27, 1289
List the prime factors of 18979172.
2, 4744793
What are the prime factors of 879394?
2, 439697
What are the prime factors of 709153?
709153
What are the prime factors of 987497?
7, 2879
List the prime factors of 7385617.
41, 180137
What are the prime factors of 7560301?
7, 1080043
List the prime factors of 362015.
5, 17, 4259
List the prime factors of 13804753.
13804753
What are the prime factors of 9719257?
17, 571721
List the prime factors of 7643051.
13, 587927
What are the prime factors of 1109104?
2, 103, 673
What are the prime factors of 71285?
5, 53, 269
List the prime factors of 4330242.
2, 3, 7, 34367
What are the prime factors of 12909827?
7, 97, 19013
What are the prime factors of 747519?
3, 67, 3719
What are the prime factors of 2964075?
3, 5, 39521
List the prime factors of 117836.
2, 89, 331
What are the prime factors of 32016?
2, 3, 23, 29
What are the prime factors of 251460?
2, 3, 5, 11, 127
What are the prime factors of 992452?
2, 47, 5279
List the prime factors of 5077999.
43, 118093
List the prime factors of 691846.
2, 345923
What are the prime factors of 283666?
2, 141833
What are the prime factors of 2027167?
19, 106693
List the prime factors of 2688257.
11, 13, 1709
List the prime factors of 18099917.
11, 17, 151, 641
What are the prime factors of 48511?
139, 349
List the prime factors of 142479.
3, 1759
List the prime factors of 144704.
2, 7, 17, 19
List the prime factors of 475805.
5, 11, 41, 211
What are the prime factors of 29760818?
2, 1487, 10007
List the prime factors of 110969.
110969
List the prime factors of 93933.
3, 7, 71
What are the prime factors of 235846?
2, 13, 47, 193
List the prime factors of 2620587.
3, 873529
What are the prime factors of 17685142?
2, 83, 106537
What are the prime factors of 152069?
41, 3709
List the prime factors of 160955.
5, 32191
What are the prime factors of 227908?
2, 227, 251
List the prime factors of 12780282.
2, 3, 2130047
List the prime factors of 6461936.
2, 13, 47, 661
List the prime factors of 171665.
5, 13, 19, 139
What are the prime factors of 4385798?
2, 2192899
What are the prime factors of 288017?
149, 1933
List the prime factors of 5425089.
3, 19, 95177
What are the prime factors of 1199495?
5, 11, 113, 193
What are the prime factors of 819391?
819391
What are the prime factors of 782379?
3, 13, 743
What are the prime factors of 361336?
2, 31, 47
List the prime factors of 142848.
2, 3, 31
List the prime factors of 29803180.
2, 5, 11, 135469
List the prime factors of 3184000.
2, 5, 199
What are the prime factors of 719186?
2, 13, 139, 199
List the prime factors of 24873087.
3, 8291029
What are the prime factors of 17850?
2, 3, 5, 7, 17
What are the prime factors of 871420?
2, 5, 11, 17, 233
List the prime factors of 6031366.
2, 11, 24923
List the prime factors of 4508031.
3, 11, 136607
What are the prime factors of 1339389?
3, 113, 439
What are the prime factors of 311122?
2, 7, 71, 313
List the prime factors of 97201.
13, 7477
What are the prime factors of 2825515?
5, 7, 11, 41, 179
List the prime factors of 344725.
5, 13789
What are the prime factors of 6005631?
3, 83, 89, 271
List the prime factors of 1371229.
1371229
List the prime factors of 15827289.
3, 17, 23, 103, 131
List the prime factors of 1336495.
5, 267299
List the prime factors of 131040.
2, 3, 5, 7, 13
What are the prime factors of 5306261?
17, 23, 41, 331
What are the prime factors of 11709027?
3, 11, 118273
What are the prime factors of 164053?
29, 5657
What are the prime factors of 115412?
2, 11, 43, 61
What are the prime factors of 173874?
2, 3, 28979
List the prime factors of 1295026.
2, 17, 41, 929
What are the prime factors of 1436651?
1436651
What are the prime factors of 3248306?
2, 43, 107, 353
What are the prime factors of 1066056?
2, 3, 43, 1033
What are the prime factors of 151152?
2, 3, 47, 67
What are the prime factors of 25372761?
3, 181, 46727
List the prime factors of 13984468.
2, 3496117
List the prime factors of 51750.
2, 3, 5, 23
What are the prime factors of 16626252?
2, 3, 1385521
What are the prime factors of 2001944?
2, 7, 5107
What are the prime factors of 24330264?
2, 3, 7, 17, 1217
List the prime factors of 15674691.
3, 5224897
List the prime factors of 255461.
23, 29, 383
What are the prime factors of 66432?
2, 3, 173
List the prime factors of 66936.
2, 3, 2789
List the prime factors of 100188.
2, 3, 11, 23
List the prime factors of 522670.
2, 5, 52267
What are the prime factors of 293070?
2, 3, 5, 9769
List the prime factors of 19408658.
2, 9704329
What are the prime factors of 633106?
2, 79, 4007
List the prime factors of 448714.
2, 7, 32051
What are the prime factors of 1118601?
3, 11, 11299
What are the prime factors of 228181?
228181
List the prime factors of 490482.
2, 3, 31, 293
List the prime factors of 11503441.
17, 61, 11093
What are the prime factors of 1770507?
3, 127, 1549
List the prime factors of 7811749.
11, 107, 6637
List the prime factors of 743279.
743279
List the prime factors of 22879.
137, 167
List the prime factors of 4136752.
2, 47, 5501
List the prime factors of 2788549.
2788549
What are the prime factors of 442021?
41, 10781
List the prime factors of 1127965.
5, 433, 521
List the prime factors of 21957909.
3, 37, 337, 587
List the prime factors of 43527.
3, 11, 1319
List the prime factors of 772211.
11, 70201
What are the prime factors of 11339239?
1051, 10789
List the prime factors of 1362771.
3, 17, 2969
List the prime factors of 13332041.
83, 160627
What are the prime factors of 4744694?
2, 2372347
List the prime factors of 5282882.
2, 11, 240131
List the prime factors of 19596392.
2, 2449549
List the prime factors of 75069.
3, 19, 439
What are the prime factors of 3765866?
2, 13, 241, 601
What are the prime factors of 807520?
2, 5, 7, 103
What are the prime factors of 27068118?
2, 3, 7, 11, 41, 1429
List the prime factors of 818891.
211, 3881
List the prime factors of 182293.
421, 433
What are the prime factors of 2759610?
2, 3, 5, 7, 17, 773
What are the prime factors of 69917?
139, 503
What are the prime factors of 296920?
2, 5, 13, 571
List the prime factors of 12632029.
463, 27283
List the prime factors of 12784142.
2, 7, 113, 8081
List the prime factors of 335487.
3, 111829
List the prime factors of 12077795.
5, 2415559
What are the prime factors of 118963?
13, 9151
List the prime factors of 1298362.
2, 13, 49937
What are the prime factors of 6732703?
47, 143249
List the prime factors of 1922886.
2, 3, 7, 5087
List the prime factors of 700730.
2, 5, 79, 887
List the prime factors of 275517.
3, 11, 23
What are the prime factors of 2083938?
2, 3, 23, 15101
List the prime factors of 2931748.
2, 53, 13829
List the prime factors of 519925.
5, 7, 2971
List the prime factors of 2077174.
2, 11, 263, 359
What are the prime factors of 8698446?
2, 3, 483247
List the prime factors of 52081.
52081
List the prime factors of 144602.
2, 17, 4253
What are the prime factors of 138290?
2, 5, 13829
List the prime factors of 3415455.
3, 5, 71, 1069
List the prime factors of 326829.
3, 108943
What are the prime factors of 92896?
2, 2903
What are the prime factors of 322638?
2, 3, 53773
What are the prime factors of 4591031?
139, 33029
List the prime factors of 8108051.
7, 1158293
What are the prime factors of 9720099?
3, 23, 46957
List the prime factors of 3265082.
2, 229, 7129
List the prime factors of 80627.
80627
List the prime factors of 11985332.
2, 2996333
List the prime factors of 13228172.
2, 101, 137, 239
List the prime factors of 9413201.
7, 1344743
What are the prime factors of 9337325?
5, 139, 2687
List the prime factors of 247857.
3, 82619
List the prime factors of 579915.
3, 5, 7, 263
List the prime factors of 4161496.
2, 643, 809
What are the prime factors of 1250202?
2, 3, 208367
What are the prime factors of 29623240?
2, 5, 740581
What are the prime factors of 16467491?
16467491
List the prime factors of 1158503.
47, 157
What are the prime factors of 2803882?
2, 97, 149
What are the prime factors of 1638534?
2, 3, 347, 787
List the prime factors of 202519.
202519
List the prime factors of 1926137.
521, 3697
What are the prime factors of 297898?
2, 148949
What are the prime factors of 2885988?
2, 3, 7, 17, 43, 47
What are the pri